{"id":26,"date":"2021-03-21T20:21:12","date_gmt":"2021-03-21T19:21:12","guid":{"rendered":"https:\/\/peterson-finance.cz\/?page_id=26"},"modified":"2021-03-22T20:09:50","modified_gmt":"2021-03-22T19:09:50","slug":"nase-sluzby-2","status":"publish","type":"page","link":"https:\/\/peterson-finance.cz\/?page_id=26","title":{"rendered":"Na\u0161e slu\u017eby"},"content":{"rendered":"\n<p class=\"has-medium-font-size\">Poskytujeme poradensk\u00e9 slu\u017eby v oblasti finan\u010dn\u00edho \u0159\u00edzen\u00ed, \u0159\u00edzen\u00ed rizik<\/p>\n","protected":false},"excerpt":{"rendered":"<p>Poskytujeme poradensk\u00e9 slu\u017eby v oblasti finan\u010dn\u00edho \u0159\u00edzen\u00ed, \u0159\u00edzen\u00ed rizik<\/p>\n","protected":false},"author":2,"featured_media":0,"parent":0,"menu_order":0,"comment_status":"closed","ping_status":"closed","template":"","meta":[],"_links":{"self":[{"href":"https:\/\/peterson-finance.cz\/index.php?rest_route=\/wp\/v2\/pages\/26"}],"collection":[{"href":"https:\/\/peterson-finance.cz\/index.php?rest_route=\/wp\/v2\/pages"}],"about":[{"href":"https:\/\/peterson-finance.cz\/index.php?rest_route=\/wp\/v2\/types\/page"}],"author":[{"embeddable":true,"href":"https:\/\/peterson-finance.cz\/index.php?rest_route=\/wp\/v2\/users\/2"}],"replies":[{"embeddable":true,"href":"https:\/\/peterson-finance.cz\/index.php?rest_route=%2Fwp%2Fv2%2Fcomments&post=26"}],"version-history":[{"count":3,"href":"https:\/\/peterson-finance.cz\/index.php?rest_route=\/wp\/v2\/pages\/26\/revisions"}],"predecessor-version":[{"id":80,"href":"https:\/\/peterson-finance.cz\/index.php?rest_route=\/wp\/v2\/pages\/26\/revisions\/80"}],"wp:attachment":[{"href":"https:\/\/peterson-finance.cz\/index.php?rest_route=%2Fwp%2Fv2%2Fmedia&parent=26"}],"curies":[{"name":"wp","href":"https:\/\/api.w.org\/{rel}","templated":true}]}}